1). Let m be 6 - (-11)/(44/(-12))*-1. What is the greatest common factor of i and m?
9
Let x(r) = -52*r - 4. Let i be x(-1). What is the highest common divisor of i and 36?
12
Let l = -2777 + 2788. Suppose 5*d = h - 38, 4*h = 5*d + 67 + 70. Calculate the highest common factor of h and l.
11
Let i = -1 - -145. Calculate the greatest common factor of i and 9.
9
Let g be (-3 - -2)*(-8 - -1). Let s be (6 + -2)*-1 + (-1552)/(-16). Suppose 1 = 94*w - s*w. What is the highest common factor of g and w?
1
Let j = 9 + -6. Suppose 2*m - 9 = -j. Let g be (171/(-6))/(m/(-6)). What is the greatest common factor of 38 and g?
19
Let w be 5072/72 - (-48)/(-108). What is the greatest common divisor of 1750 and w?
70
Let n(q) = -q**2 + 6*q + 6. Let c(k) = k**3 + 19*k**2 + 19*k + 23. Let v be c(-18). Let z be n(v). What is the highest common divisor of 11 and z?
11
Let q = 131 + -59. Suppose -p = 2*p - q. Let n be (1*-2)/((-2)/p). Calculate the greatest common divisor of 12 and n.
12
Suppose 3*g - 51 - 56 = a, -3*a = g - 39. Calculate the greatest common factor of 1584 and g.
36
Suppose 5*n = 3*o + 390, 5*n + 4*o - 67 - 323 = 0. What is the highest common factor of n and 312?
78
Let v be 1/(-11) + 606/11. Calculate the highest common divisor of 88 and v.
11
Suppose 0 = 4*t + 3*n - 1888 + 703, -n = -3*t + 892. Suppose 3*x = 2*j - t, -j + 6*x + 131 = x. Calculate the highest common factor of j and 39.
39
Suppose -n + 38 - 13 = 0. Let s = n + -12. Let h(p) = -9*p - 17. Let g be h(-12). What is the highest common divisor of s and g?
13
Suppose -3*v + 2*s = -2*v - 14, 5*s - 1 = -2*v. Let z = -66 + 86. Let t be (z/4)/(3*(-3)/(-36)). Calculate the greatest common factor of v and t.
4
Suppose -2025 = 10*n - 15*n. Calculate the greatest common divisor of n and 15.
15
Let z be ((-10)/12)/5 + (-3)/(-18). Suppose g - 4*s - 52 = z, 35 = g + 5*s - 26. What is the greatest common divisor of g and 7?
7
Suppose -2*n = -2*r - 5 + 3, -2*r = 4*n + 26. Let s = n - 7. Let b(k) = -k**2 - 11*k + 11. Let d be b(s). What is the highest common divisor of 55 and d?
11
Suppose -d + 5*d = 132 - 16. Let w be 522/(-4)*8/(-6). Let g be ((-20)/6)/((-4)/w). Calculate the greatest common factor of g and d.
29
Let y be ((-60)/90)/((-2)/96). What is the greatest common factor of y and 352?
32
Suppose 0 = -20*q + 1149 + 2811. What is the greatest common factor of q and 286?
22
Let a = 65 + -13. Suppose 0*m = 5*m - v - 114, 2*v = 2*m - a. What is the highest common divisor of m and 33?
11
Let v be (-19)/(171/72) - -36. Calculate the greatest common divisor of v and 182.
14
Let t be (3 + -8)/(((-16)/4)/20). Calculate the highest common divisor of 15 and t.
5
Let b(o) = 6*o**2 - 29*o + 11. Let i be b(5). Calculate the highest common factor of 16 and i.
16
Let f = 266 + 20. What is the highest common factor of 22 and f?
22
Let c = 630 + -591. Calculate the highest common factor of c and 104.
13
Let z be (-296)/222 + (-1075)/(-3). What is the highest common factor of 168 and z?
21
Let c(o) = 12*o - 85. Let m be c(9). What is the highest common divisor of 253 and m?
23
Let x(o) = 11*o + 222. Let i be x(-18). Calculate the highest common divisor of 324 and i.
12
Suppose 0 = -5*c + 31 - 1. Suppose -c*f + 525 = f. What is the greatest common divisor of f and 50?
25
Let u(b) = 9*b + 4. Let o be u(8). Let s = o - 46. Let g be 2/6 + (-58)/(-6). Calculate the greatest common divisor of g and s.
10
Suppose 5*n + 2*w - 320 = 0, -2*n + 137 = 7*w - 8*w. What is the highest common divisor of n and 12?
6
Let b be (0 + 18/4)*2. Let f be (-1)/(-1) + -2 - (-90)/15. Suppose -f*v + 14 = b. What is the greatest common divisor of 7 and v?
1
Let w = 209 + -44. Let r be 2/13 - (-1281)/39. Calculate the highest common divisor of r and w.
33
Let p = 7 - 5. Suppose p*z + 9 = 5*z. Let r(q) = -q**3 + 5*q**2 - 2*q + 1. Let c be r(z). What is the greatest common divisor of c and 39?
13
Let p(i) = -i**3 + 28*i**2 - 24*i - 75. Let g be p(27). Suppose -g*d - 360 = -9*d. Calculate the greatest common factor of d and 12.
12
Suppose 6 = -2*m, -4*m = v - 3*m. What is the greatest common divisor of 159 and v?
3
Let i(d) = d**3 + 17*d**2 + 4*d + 93. Let k be i(-17). Calculate the greatest common divisor of k and 125.
25
Let o(b) = -28*b + 1. Let f be o(-3). Let z be (-18 + 1)/((-17)/34). What is the highest common divisor of f and z?
17
Let s = 565 - 390. Calculate the greatest common divisor of 105 and s.
35
Let n(t) = -4*t - 2*t + 88*t + 4. Let p be n(2). Suppose 0 = 3*g + r - 63, g + 105 = 6*g + 5*r. Calculate the greatest common factor of p and g.
21
Suppose 2*u - 5*u + 117 = 0. Let z(y) = 7*y**3 + 2*y**2 + 3*y - 1. Let l be z(2). Let c = -43 + l. Calculate the greatest common divisor of u and c.
13
Let a be (-9)/(-2)*(-490)/(-147). Calculate the greatest common factor of 15 and a.
15
Let w(j) = 2*j**2 - 14*j + 4. Let z be w(10). What is the highest common divisor of 4 and z?
4
Suppose -h + 40 = 4*q - 35, -65 = -2*q + 5*h. Calculate the greatest common factor of q and 1030.
10
Let p be 5*(0 + (-6)/(-45)*-3). Let r(b) = -3*b + 1. Let y be r(p). What is the highest common factor of 14 and y?
7
Let b be 32 + 1 - (-23 - -28). Calculate the greatest common factor of 140 and b.
28
Suppose -5*n = 3*r + 50, 0*n = 2*n - 4*r - 6. Let j be (-2 - 13/n) + (-114)/(-14). Calculate the highest common divisor of 20 and j.
4
Let b(y) = -y**2 + 39*y - 57. Let k be b(37). Calculate the greatest common divisor of 289 and k.
17
Let t = 620 - 377. What is the highest common divisor of 324 and t?
81
Let s = -45 + 135. Let k be (-10)/s + (-92)/(-18). Let n be 396/10 + 2/k. Calculate the greatest common divisor of n and 8.
8
Let s be 1 + 3*(-2)/(-18)*3. Suppose -3*l + s*l = q - 31, l = -5. Calculate the highest common factor of q and 24.
12
Suppose -3*n = f - 54, 3*n - n - 155 = -3*f. Suppose 2*v - 334 = 584. What is the highest common divisor of f and v?
51
Suppose 8292 = 5*j + 2222. Suppose 6*s - j = -392. Let z = 193 - s. What is the highest common divisor of 8 and z?
8
Let t be (-9)/((-18)/4) - 2. Suppose 6*m - 3*m - 24 = t. What is the highest common factor of m and 8?
8
Suppose -5*w + 4*b = -7*w + 324, 3*w = 2*b + 462. What is the greatest common divisor of 104 and w?
52
Suppose 0 = v + 3*h + 5, -3*v + h = -7 + 2. Suppose -36 = -5*m + 89. Let a = -16 + m. Calculate the greatest common divisor of a and v.
1
Let o = 133 - -65. What is the highest common factor of o and 36?
18
Let t be -43*54/(-3) - (-4 - -2). What is the highest common divisor of t and 8?
8
Suppose -r = 3*r + 148. Let g = r + 87. Calculate the highest common factor of 75 and g.
25
Suppose 0 = 5*o - 13142 + 12992. Let y be (-2 - -14)*(-1)/(-2). Calculate the greatest common factor of y and o.
6
Let w(z) = -z**3 - 8*z**2 - 3*z - 8. Let l(v) = v + 5. Let n be l(-13). Let t be w(n). What is the greatest common divisor of 8 and t?
8
Let b(f) = -f**3 - 25*f**2 + 8. Let v be b(-25). Suppose -139 = -v*u - 27. Calculate the greatest common divisor of 126 and u.
14
Suppose 0 = -5*k - 5*f + 215, 0 = -27*k + 25*k + 4*f + 62. Calculate the highest common divisor of 3 and k.
3
Suppose 218*w - 96 = 212*w. Let o be 74 - (1/2 + 3/2). What is the highest common divisor of o and w?
8
Let z(m) = -14*m - 189. Let n be z(-18). Calculate the greatest common divisor of 252 and n.
63
Let v = -22 + 31. Suppose 5*i = 9*i + 232. Let j = 85 + i. Calculate the highest common divisor of v and j.
9
Suppose 5*t + 4*t - 5535 = 0. What is the greatest common divisor of t and 45?
15
Let c be 0/((-1)/(3/(-9))). Suppose 5*l - 5 = -0*n + n, 2*n = c. Let o be (12/12)/(l/5). Calculate the highest common factor of o and 1.
1
Let k be (-1 - 11448/(-90)) + 1/(-5). What is the greatest common factor of k and 14?
14
Let z be 54*1/(2/4). Let v be (-1 + z/8)*2. Calculate the highest common factor of v and 10.
5
Let o = -257 - -161. Let c = -74 - o. Calculate the greatest common divisor of 88 and c.
22
Suppose 7 = -2*i - 2*c + 27, 0 = i + 3*c - 4. What is the highest common factor of i and 637?
13
Suppose -10*r - 332 = -5732. Calculate the highest common factor of r and 18.
18
Let g = 12 - 12. Suppose -i - 5*x = -g*i - 27, 5*i + 5*x = 35. Let v be ((-60)/(-8))/5*i. What is the greatest common factor of v and 12?
3
Let h = -65 - -81. Suppo